{"id":125,"date":"2022-05-28T10:44:56","date_gmt":"2022-05-28T10:44:56","guid":{"rendered":"https:\/\/www.barnizadosvallparadis.es\/?page_id=125"},"modified":"2022-06-01T11:30:01","modified_gmt":"2022-06-01T11:30:01","slug":"politica-de-privacidad","status":"publish","type":"page","link":"https:\/\/www.barnizadosvallparadis.es\/index.php\/politica-de-privacidad\/","title":{"rendered":"Pol\u00edtica de privacidad"},"content":{"rendered":"\t\t<div data-elementor-type=\"wp-page\" data-elementor-id=\"125\" class=\"elementor elementor-125\">\n\t\t\t\t\t\t<section class=\"elementor-section elementor-top-section elementor-element elementor-element-ead9c6b elementor-section-boxed elementor-section-height-default elementor-section-height-default\" data-id=\"ead9c6b\" data-element_type=\"section\" data-e-type=\"section\">\n\t\t\t\t\t\t<div class=\"elementor-container elementor-column-gap-default\">\n\t\t\t\t\t<div class=\"elementor-column elementor-col-100 elementor-top-column elementor-element elementor-element-ff56174\" data-id=\"ff56174\" data-element_type=\"column\" data-e-type=\"column\">\n\t\t\t<div class=\"elementor-widget-wrap elementor-element-populated\">\n\t\t\t\t\t\t<div class=\"elementor-element elementor-element-f260cef elementor-widget elementor-widget-heading\" data-id=\"f260cef\" data-element_type=\"widget\" data-e-type=\"widget\" data-widget_type=\"heading.default\">\n\t\t\t\t<div class=\"elementor-widget-container\">\n\t\t\t\t\t<h3 class=\"elementor-heading-title elementor-size-default\">Uso y tratamiento de datos de car\u00e1cter personal<\/h3>\t\t\t\t<\/div>\n\t\t\t\t<\/div>\n\t\t\t\t<div class=\"elementor-element elementor-element-bfd986e elementor-widget elementor-widget-text-editor\" data-id=\"bfd986e\" data-element_type=\"widget\" data-e-type=\"widget\" data-widget_type=\"text-editor.default\">\n\t\t\t\t<div class=\"elementor-widget-container\">\n\t\t\t\t\t\t\t\t\t<p class=\"bodytext\">Le informamos que los datos de car\u00e1cter personal que pudieran proporcionarse, a trav\u00e9s de este sitio web, as\u00ed como los que pudiera facilitar en el futuro en el marco de su relaci\u00f3n jur\u00eddica con esta entidad, ser\u00e1n incorporados a nuestra base de datos.<\/p><p class=\"bodytext\">Se informa sobre los siguientes extremos relativos a la protecci\u00f3n de datos:<\/p><ol class=\"bodytext\"><li class=\"bodytext\"><strong>Responsable del tratamiento<\/strong>: Somos responsables de los datos recogidos en el formulario correspondiente.<\/li><li class=\"bodytext\"><strong>Necesidad del tratamiento<\/strong>: La comunicaci\u00f3n de sus datos a trav\u00e9s del formulario correspondiente es obligatoria para podamos contactar.<\/li><li class=\"bodytext\"><strong>Finalidades del tratamiento y legitimaci\u00f3n del tratamiento<\/strong>:<br \/><ul class=\"bodytext\"><li class=\"bodytext\">Gestionar, administrar, prestarle los servicios o facilitarle los productos que solicite y, en su caso, para el cumplimiento y ejecuci\u00f3n de los contratos que pudiera celebrar, conocer mejor sus gustos, adecuar los servicios a sus preferencias.<\/li><li class=\"bodytext\">Enviarle, por correo postal, correo electr\u00f3nico y otros medios de comunicaci\u00f3n electr\u00f3nica equivalente, comunicaciones comerciales y publicitarias sobre nuestros productos y\/o servicios.<\/li><\/ul><\/li><li class=\"bodytext\"><strong>Destinatarios<\/strong>: Contratamos con alguna entidad que prestan servicios como los de mantenimiento y hosting, a trav\u00e9s de contratos de encargo del tratamiento para dar soporte a los fines de tratamiento indicados.<\/li><li class=\"bodytext\"><strong>Plazo de conservaci\u00f3n de datos<\/strong>: Conservaremos sus datos mientras se mantenga el tratamiento y no solicite la supresi\u00f3n de los mismos.<\/li><li class=\"bodytext\"><strong>Derechos<\/strong>: Podr\u00e1 ejercitar los derechos de acceso, rectificaci\u00f3n, supresi\u00f3n, limitaci\u00f3n al tratamiento, oposici\u00f3n, portabilidad y derecho a no ser objeto de una decisi\u00f3n basada \u00fanicamente en el tratamiento automatizado, mediante comunicaci\u00f3n escrita al domicilio indicado en el aviso legal y a revocar su consentimiento sin efectos retroactivos u oponerse a la recepci\u00f3n de comunicaciones comerciales publicitarias por email y otros medios de comunicaci\u00f3n electr\u00f3nica equivalente, enviando y a presentar una reclamaci\u00f3n ante la Autoridad de control, en Espa\u00f1a, la Agencia Espa\u00f1ola de Protecci\u00f3n de Datos.<\/li><li class=\"bodytext\"><strong>Modificaci\u00f3n de la pol\u00edtica de privacidad<\/strong>: Nos reservamos el derecho a modificar su Pol\u00edtica de Privacidad, de acuerdo a nuestro propio criterio, o motivado por un cambio doctrinal de la Autoridad competente en Protecci\u00f3n de Datos, legislativo o jurisprudencial. El uso de la Web despu\u00e9s de dichos cambios implicar\u00e1 la aceptaci\u00f3n de \u00e9stos.<\/li><li class=\"bodytext\"><strong>Legislaci\u00f3n aplicable<\/strong>: Cualquier controversia que se derive del uso de este Site, ser\u00e1 regida, interpretada y sometida de acuerdo con las leyes de Espa\u00f1a.<\/li><\/ol>\t\t\t\t\t\t\t\t<\/div>\n\t\t\t\t<\/div>\n\t\t\t\t\t<\/div>\n\t\t<\/div>\n\t\t\t\t\t<\/div>\n\t\t<\/section>\n\t\t\t\t<\/div>\n\t\t","protected":false},"excerpt":{"rendered":"<p>Uso y tratamiento de datos de car\u00e1cter personal Le informamos que los datos de car\u00e1cter personal que pudieran proporcionarse, a trav\u00e9s de este sitio web, as\u00ed como los que pudiera facilitar en el futuro en el marco de su relaci\u00f3n jur\u00eddica con esta entidad, ser\u00e1n incorporados a nuestra base de datos. Se informa sobre los [&hellip;]<\/p>\n","protected":false},"author":1,"featured_media":0,"parent":0,"menu_order":0,"comment_status":"closed","ping_status":"closed","template":"","meta":{"zakra_page_container_layout":"contained","zakra_page_sidebar_layout":"no_sidebar","zakra_remove_content_margin":false,"zakra_sidebar":"customizer","zakra_transparent_header":"customizer","zakra_logo":0,"zakra_main_header_style":"zak-layout-1-style-1","zakra_menu_item_color":"","zakra_menu_item_hover_color":"","zakra_menu_item_active_color":"","zakra_menu_active_style":"","zakra_page_header":true,"footnotes":""},"class_list":["post-125","page","type-page","status-publish","hentry"],"yoast_head":"<!-- This site is optimized with the Yoast SEO plugin v27.5 - https:\/\/yoast.com\/product\/yoast-seo-wordpress\/ -->\n<title>Pol\u00edtica de privacidad - barnizados vallparadis<\/title>\n<meta name=\"description\" content=\"Esta p\u00e1gina contine la pol\u00edtica de privacidad de nuestra p\u00e1gina web\" \/>\n<meta name=\"robots\" content=\"noindex, nofollow\" \/>\n<meta property=\"og:locale\" content=\"es_ES\" \/>\n<meta property=\"og:type\" content=\"article\" \/>\n<meta property=\"og:title\" content=\"Pol\u00edtica de privacidad - barnizados vallparadis\" \/>\n<meta property=\"og:description\" content=\"Esta p\u00e1gina contine la pol\u00edtica de privacidad de nuestra p\u00e1gina web\" \/>\n<meta property=\"og:url\" content=\"https:\/\/www.barnizadosvallparadis.es\/index.php\/politica-de-privacidad\/\" \/>\n<meta property=\"og:site_name\" content=\"barnizados vallparadis\" \/>\n<meta property=\"article:modified_time\" content=\"2022-06-01T11:30:01+00:00\" \/>\n<meta name=\"twitter:card\" content=\"summary_large_image\" \/>\n<meta name=\"twitter:label1\" content=\"Tiempo de lectura\" \/>\n\t<meta name=\"twitter:data1\" content=\"2 minutos\" \/>\n<script type=\"application\/ld+json\" class=\"yoast-schema-graph\">{\"@context\":\"https:\\\/\\\/schema.org\",\"@graph\":[{\"@type\":\"WebPage\",\"@id\":\"https:\\\/\\\/www.barnizadosvallparadis.es\\\/index.php\\\/politica-de-privacidad\\\/\",\"url\":\"https:\\\/\\\/www.barnizadosvallparadis.es\\\/index.php\\\/politica-de-privacidad\\\/\",\"name\":\"Pol\u00edtica de privacidad - barnizados vallparadis\",\"isPartOf\":{\"@id\":\"https:\\\/\\\/www.barnizadosvallparadis.es\\\/#website\"},\"datePublished\":\"2022-05-28T10:44:56+00:00\",\"dateModified\":\"2022-06-01T11:30:01+00:00\",\"description\":\"Esta p\u00e1gina contine la pol\u00edtica de privacidad de nuestra p\u00e1gina web\",\"breadcrumb\":{\"@id\":\"https:\\\/\\\/www.barnizadosvallparadis.es\\\/index.php\\\/politica-de-privacidad\\\/#breadcrumb\"},\"inLanguage\":\"es\",\"potentialAction\":[{\"@type\":\"ReadAction\",\"target\":[\"https:\\\/\\\/www.barnizadosvallparadis.es\\\/index.php\\\/politica-de-privacidad\\\/\"]}]},{\"@type\":\"BreadcrumbList\",\"@id\":\"https:\\\/\\\/www.barnizadosvallparadis.es\\\/index.php\\\/politica-de-privacidad\\\/#breadcrumb\",\"itemListElement\":[{\"@type\":\"ListItem\",\"position\":1,\"name\":\"Portada\",\"item\":\"https:\\\/\\\/www.barnizadosvallparadis.es\\\/\"},{\"@type\":\"ListItem\",\"position\":2,\"name\":\"Pol\u00edtica de privacidad\"}]},{\"@type\":\"WebSite\",\"@id\":\"https:\\\/\\\/www.barnizadosvallparadis.es\\\/#website\",\"url\":\"https:\\\/\\\/www.barnizadosvallparadis.es\\\/\",\"name\":\"barnizados vallparadis\",\"description\":\"Empresa dedicada a lacados y barnizados en madera\",\"publisher\":{\"@id\":\"https:\\\/\\\/www.barnizadosvallparadis.es\\\/#organization\"},\"potentialAction\":[{\"@type\":\"SearchAction\",\"target\":{\"@type\":\"EntryPoint\",\"urlTemplate\":\"https:\\\/\\\/www.barnizadosvallparadis.es\\\/?s={search_term_string}\"},\"query-input\":{\"@type\":\"PropertyValueSpecification\",\"valueRequired\":true,\"valueName\":\"search_term_string\"}}],\"inLanguage\":\"es\"},{\"@type\":\"Organization\",\"@id\":\"https:\\\/\\\/www.barnizadosvallparadis.es\\\/#organization\",\"name\":\"Barnizados Vallparad\u00eds\",\"url\":\"https:\\\/\\\/www.barnizadosvallparadis.es\\\/\",\"logo\":{\"@type\":\"ImageObject\",\"inLanguage\":\"es\",\"@id\":\"https:\\\/\\\/www.barnizadosvallparadis.es\\\/#\\\/schema\\\/logo\\\/image\\\/\",\"url\":\"https:\\\/\\\/www.barnizadosvallparadis.es\\\/wp-content\\\/uploads\\\/2022\\\/05\\\/Logo-Barnizados-Vallparadis-reducido.png\",\"contentUrl\":\"https:\\\/\\\/www.barnizadosvallparadis.es\\\/wp-content\\\/uploads\\\/2022\\\/05\\\/Logo-Barnizados-Vallparadis-reducido.png\",\"width\":250,\"height\":104,\"caption\":\"Barnizados Vallparad\u00eds\"},\"image\":{\"@id\":\"https:\\\/\\\/www.barnizadosvallparadis.es\\\/#\\\/schema\\\/logo\\\/image\\\/\"}}]}<\/script>\n<!-- \/ Yoast SEO plugin. -->","yoast_head_json":{"title":"Pol\u00edtica de privacidad - barnizados vallparadis","description":"Esta p\u00e1gina contine la pol\u00edtica de privacidad de nuestra p\u00e1gina web","robots":{"index":"noindex","follow":"nofollow"},"og_locale":"es_ES","og_type":"article","og_title":"Pol\u00edtica de privacidad - barnizados vallparadis","og_description":"Esta p\u00e1gina contine la pol\u00edtica de privacidad de nuestra p\u00e1gina web","og_url":"https:\/\/www.barnizadosvallparadis.es\/index.php\/politica-de-privacidad\/","og_site_name":"barnizados vallparadis","article_modified_time":"2022-06-01T11:30:01+00:00","twitter_card":"summary_large_image","twitter_misc":{"Tiempo de lectura":"2 minutos"},"schema":{"@context":"https:\/\/schema.org","@graph":[{"@type":"WebPage","@id":"https:\/\/www.barnizadosvallparadis.es\/index.php\/politica-de-privacidad\/","url":"https:\/\/www.barnizadosvallparadis.es\/index.php\/politica-de-privacidad\/","name":"Pol\u00edtica de privacidad - barnizados vallparadis","isPartOf":{"@id":"https:\/\/www.barnizadosvallparadis.es\/#website"},"datePublished":"2022-05-28T10:44:56+00:00","dateModified":"2022-06-01T11:30:01+00:00","description":"Esta p\u00e1gina contine la pol\u00edtica de privacidad de nuestra p\u00e1gina web","breadcrumb":{"@id":"https:\/\/www.barnizadosvallparadis.es\/index.php\/politica-de-privacidad\/#breadcrumb"},"inLanguage":"es","potentialAction":[{"@type":"ReadAction","target":["https:\/\/www.barnizadosvallparadis.es\/index.php\/politica-de-privacidad\/"]}]},{"@type":"BreadcrumbList","@id":"https:\/\/www.barnizadosvallparadis.es\/index.php\/politica-de-privacidad\/#breadcrumb","itemListElement":[{"@type":"ListItem","position":1,"name":"Portada","item":"https:\/\/www.barnizadosvallparadis.es\/"},{"@type":"ListItem","position":2,"name":"Pol\u00edtica de privacidad"}]},{"@type":"WebSite","@id":"https:\/\/www.barnizadosvallparadis.es\/#website","url":"https:\/\/www.barnizadosvallparadis.es\/","name":"barnizados vallparadis","description":"Empresa dedicada a lacados y barnizados en madera","publisher":{"@id":"https:\/\/www.barnizadosvallparadis.es\/#organization"},"potentialAction":[{"@type":"SearchAction","target":{"@type":"EntryPoint","urlTemplate":"https:\/\/www.barnizadosvallparadis.es\/?s={search_term_string}"},"query-input":{"@type":"PropertyValueSpecification","valueRequired":true,"valueName":"search_term_string"}}],"inLanguage":"es"},{"@type":"Organization","@id":"https:\/\/www.barnizadosvallparadis.es\/#organization","name":"Barnizados Vallparad\u00eds","url":"https:\/\/www.barnizadosvallparadis.es\/","logo":{"@type":"ImageObject","inLanguage":"es","@id":"https:\/\/www.barnizadosvallparadis.es\/#\/schema\/logo\/image\/","url":"https:\/\/www.barnizadosvallparadis.es\/wp-content\/uploads\/2022\/05\/Logo-Barnizados-Vallparadis-reducido.png","contentUrl":"https:\/\/www.barnizadosvallparadis.es\/wp-content\/uploads\/2022\/05\/Logo-Barnizados-Vallparadis-reducido.png","width":250,"height":104,"caption":"Barnizados Vallparad\u00eds"},"image":{"@id":"https:\/\/www.barnizadosvallparadis.es\/#\/schema\/logo\/image\/"}}]}},"_links":{"self":[{"href":"https:\/\/www.barnizadosvallparadis.es\/index.php\/wp-json\/wp\/v2\/pages\/125","targetHints":{"allow":["GET"]}}],"collection":[{"href":"https:\/\/www.barnizadosvallparadis.es\/index.php\/wp-json\/wp\/v2\/pages"}],"about":[{"href":"https:\/\/www.barnizadosvallparadis.es\/index.php\/wp-json\/wp\/v2\/types\/page"}],"author":[{"embeddable":true,"href":"https:\/\/www.barnizadosvallparadis.es\/index.php\/wp-json\/wp\/v2\/users\/1"}],"replies":[{"embeddable":true,"href":"https:\/\/www.barnizadosvallparadis.es\/index.php\/wp-json\/wp\/v2\/comments?post=125"}],"version-history":[{"count":11,"href":"https:\/\/www.barnizadosvallparadis.es\/index.php\/wp-json\/wp\/v2\/pages\/125\/revisions"}],"predecessor-version":[{"id":244,"href":"https:\/\/www.barnizadosvallparadis.es\/index.php\/wp-json\/wp\/v2\/pages\/125\/revisions\/244"}],"wp:attachment":[{"href":"https:\/\/www.barnizadosvallparadis.es\/index.php\/wp-json\/wp\/v2\/media?parent=125"}],"curies":[{"name":"wp","href":"https:\/\/api.w.org\/{rel}","templated":true}]}}

Política de privacidad

<div data-elementor-type="wp-page" data-elementor-id="125" class="elementor elementor-125">
						<section class="elementor-section elementor-top-section elementor-element elementor-element-ead9c6b elementor-section-boxed elementor-section-height-default elementor-section-height-default" data-id="ead9c6b" data-element_type="section" data-e-type="section">
						<div class="elementor-container elementor-column-gap-default">
					<div class="elementor-column elementor-col-100 elementor-top-column elementor-element elementor-element-ff56174" data-id="ff56174" data-element_type="column" data-e-type="column">
			<div class="elementor-widget-wrap elementor-element-populated">
						<div class="elementor-element elementor-element-f260cef elementor-widget elementor-widget-heading" data-id="f260cef" data-element_type="widget" data-e-type="widget" data-widget_type="heading.default">
				<div class="elementor-widget-container">
					<h3 class="elementor-heading-title elementor-size-default">Uso y tratamiento de datos de carácter personal</h3>				</div>
				</div>
				<div class="elementor-element elementor-element-bfd986e elementor-widget elementor-widget-text-editor" data-id="bfd986e" data-element_type="widget" data-e-type="widget" data-widget_type="text-editor.default">
				<div class="elementor-widget-container">
									<p class="bodytext">Le informamos que los datos de carácter personal que pudieran proporcionarse, a través de este sitio web, así como los que pudiera facilitar en el futuro en el marco de su relación jurídica con esta entidad, serán incorporados a nuestra base de datos.</p><p class="bodytext">Se informa sobre los siguientes extremos relativos a la protección de datos:</p><ol class="bodytext"><li class="bodytext"><strong>Responsable del tratamiento</strong>: Somos responsables de los datos recogidos en el formulario correspondiente.</li><li class="bodytext"><strong>Necesidad del tratamiento</strong>: La comunicación de sus datos a través del formulario correspondiente es obligatoria para podamos contactar.</li><li class="bodytext"><strong>Finalidades del tratamiento y legitimación del tratamiento</strong>:<br /><ul class="bodytext"><li class="bodytext">Gestionar, administrar, prestarle los servicios o facilitarle los productos que solicite y, en su caso, para el cumplimiento y ejecución de los contratos que pudiera celebrar, conocer mejor sus gustos, adecuar los servicios a sus preferencias.</li><li class="bodytext">Enviarle, por correo postal, correo electrónico y otros medios de comunicación electrónica equivalente, comunicaciones comerciales y publicitarias sobre nuestros productos y/o servicios.</li></ul></li><li class="bodytext"><strong>Destinatarios</strong>: Contratamos con alguna entidad que prestan servicios como los de mantenimiento y hosting, a través de contratos de encargo del tratamiento para dar soporte a los fines de tratamiento indicados.</li><li class="bodytext"><strong>Plazo de conservación de datos</strong>: Conservaremos sus datos mientras se mantenga el tratamiento y no solicite la supresión de los mismos.</li><li class="bodytext"><strong>Derechos</strong>: Podrá ejercitar los derechos de acceso, rectificación, supresión, limitación al tratamiento, oposición, portabilidad y derecho a no ser objeto de una decisión basada únicamente en el tratamiento automatizado, mediante comunicación escrita al domicilio indicado en el aviso legal y a revocar su consentimiento sin efectos retroactivos u oponerse a la recepción de comunicaciones comerciales publicitarias por email y otros medios de comunicación electrónica equivalente, enviando y a presentar una reclamación ante la Autoridad de control, en España, la Agencia Española de Protección de Datos.</li><li class="bodytext"><strong>Modificación de la política de privacidad</strong>: Nos reservamos el derecho a modificar su Política de Privacidad, de acuerdo a nuestro propio criterio, o motivado por un cambio doctrinal de la Autoridad competente en Protección de Datos, legislativo o jurisprudencial. El uso de la Web después de dichos cambios implicará la aceptación de éstos.</li><li class="bodytext"><strong>Legislación aplicable</strong>: Cualquier controversia que se derive del uso de este Site, será regida, interpretada y sometida de acuerdo con las leyes de España.</li></ol>								</div>
				</div>
					</div>
		</div>
					</div>
		</section>
				</div>

<p>Uso y tratamiento de datos de carácter personal Le informamos que los datos de carácter personal que pudieran proporcionarse, a través de este sitio web, así como los que pudiera facilitar en el futuro en el marco de su relación jurídica con esta entidad, serán incorporados a nuestra base de datos. Se informa sobre los [&hellip;]</p>

<!-- This site is optimized with the Yoast SEO plugin v27.5 - https://yoast.com/product/yoast-seo-wordpress/ -->
<title>Política de privacidad - barnizados vallparadis</title>
<meta name="description" content="Esta página contine la política de privacidad de nuestra página web" />
<meta name="robots" content="noindex, nofollow" />
<meta property="og:locale" content="es_ES" />
<meta property="og:type" content="article" />
<meta property="og:title" content="Política de privacidad - barnizados vallparadis" />
<meta property="og:description" content="Esta página contine la política de privacidad de nuestra página web" />
<meta property="og:url" content="https://www.barnizadosvallparadis.es/index.php/politica-de-privacidad/" />
<meta property="og:site_name" content="barnizados vallparadis" />
<meta property="article:modified_time" content="2022-06-01T11:30:01+00:00" />
<meta name="twitter:card" content="summary_large_image" />
<meta name="twitter:label1" content="Tiempo de lectura" />
	<meta name="twitter:data1" content="2 minutos" />
<script type="application/ld+json" class="yoast-schema-graph">{"@context":"https:\/\/schema.org","@graph":[{"@type":"WebPage","@id":"https:\/\/www.barnizadosvallparadis.es\/index.php\/politica-de-privacidad\/","url":"https:\/\/www.barnizadosvallparadis.es\/index.php\/politica-de-privacidad\/","name":"Política de privacidad - barnizados vallparadis","isPartOf":{"@id":"https:\/\/www.barnizadosvallparadis.es\/#website"},"datePublished":"2022-05-28T10:44:56+00:00","dateModified":"2022-06-01T11:30:01+00:00","description":"Esta página contine la política de privacidad de nuestra página web","breadcrumb":{"@id":"https:\/\/www.barnizadosvallparadis.es\/index.php\/politica-de-privacidad\/#breadcrumb"},"inLanguage":"es","potentialAction":[{"@type":"ReadAction","target":["https:\/\/www.barnizadosvallparadis.es\/index.php\/politica-de-privacidad\/"]}]},{"@type":"BreadcrumbList","@id":"https:\/\/www.barnizadosvallparadis.es\/index.php\/politica-de-privacidad\/#breadcrumb","itemListElement":[{"@type":"ListItem","position":1,"name":"Portada","item":"https:\/\/www.barnizadosvallparadis.es\/"},{"@type":"ListItem","position":2,"name":"Política de privacidad"}]},{"@type":"WebSite","@id":"https:\/\/www.barnizadosvallparadis.es\/#website","url":"https:\/\/www.barnizadosvallparadis.es\/","name":"barnizados vallparadis","description":"Empresa dedicada a lacados y barnizados en madera","publisher":{"@id":"https:\/\/www.barnizadosvallparadis.es\/#organization"},"potentialAction":[{"@type":"SearchAction","target":{"@type":"EntryPoint","urlTemplate":"https:\/\/www.barnizadosvallparadis.es\/?s={search_term_string}"},"query-input":{"@type":"PropertyValueSpecification","valueRequired":true,"valueName":"search_term_string"}}],"inLanguage":"es"},{"@type":"Organization","@id":"https:\/\/www.barnizadosvallparadis.es\/#organization","name":"Barnizados Vallparadís","url":"https:\/\/www.barnizadosvallparadis.es\/","logo":{"@type":"ImageObject","inLanguage":"es","@id":"https:\/\/www.barnizadosvallparadis.es\/#\/schema\/logo\/image\/","url":"https:\/\/www.barnizadosvallparadis.es\/wp-content\/uploads\/2022\/05\/Logo-Barnizados-Vallparadis-reducido.png","contentUrl":"https:\/\/www.barnizadosvallparadis.es\/wp-content\/uploads\/2022\/05\/Logo-Barnizados-Vallparadis-reducido.png","width":250,"height":104,"caption":"Barnizados Vallparadís"},"image":{"@id":"https:\/\/www.barnizadosvallparadis.es\/#\/schema\/logo\/image\/"}}]}</script>
<!-- / Yoast SEO plugin. -->

Política de privacidad - barnizados vallparadis

Esta página contine la política de privacidad de nuestra página web

Barnizados Vallparadís
